{"id":3693,"date":"2025-01-27T10:18:13","date_gmt":"2025-01-27T10:18:13","guid":{"rendered":"https:\/\/integrativa.pt\/?page_id=3693"},"modified":"2026-04-21T16:36:06","modified_gmt":"2026-04-21T16:36:06","slug":"psychologist-madalena-raposo","status":"publish","type":"page","link":"https:\/\/integrativa.pt\/en\/psicologa-madalena-raposo\/","title":{"rendered":"Psychologist Madalena Raposo"},"content":{"rendered":"<div class=\"wpb-content-wrapper\"><div data-vc-parallax=\"1.5\" class=\"vc_row wpb_row vc_row-fluid vc_row-has-fill vc_column-gap-25 vc_rtl-columns-reverse vc_row-o-equal-height vc_row-o-content-top vc_row-flex vc_general vc_parallax vc_parallax-content-moving\"><div class=\"wpb_column vc_column_container vc_col-sm-12\"><div class=\"vc_column-inner\"><div class=\"wpb_wrapper\"><div id=\"ultimate-heading-7069f35a3460622\" class=\"uvc-heading ult-adjust-bottom-margin ultimate-heading-7069f35a3460622 uvc-9997  uvc-heading-default-font-sizes\" data-hspacer=\"no_spacer\"  data-halign=\"left\" style=\"text-align:left\"><div class=\"uvc-heading-spacer no_spacer\" style=\"top\"><\/div><div class=\"uvc-main-heading ult-responsive\"  data-ultimate-target='.uvc-heading.ultimate-heading-7069f35a3460622 h1'  data-responsive-json-new='{\"font-size\":\"\",\"line-height\":\"\"}' ><h1 style=\"--font-weight:theme;color:#1b9193;\">Madalena Raposo<\/h1><\/div><div class=\"uvc-sub-heading ult-responsive\"  data-ultimate-target='.uvc-heading.ultimate-heading-7069f35a3460622 .uvc-sub-heading '  data-responsive-json-new='{\"font-size\":\"\",\"line-height\":\"\"}'  style=\"font-weight:normal;\"><\/p>\n<h2>Psychologist<\/h2>\n<h6>Psychologist licence: 30344 | Order of Psychologists<\/h6>\n<p><\/div><\/div><\/div><\/div><\/div><\/div><!-- Row Backgrounds --><div data-vc-parallax=\"1.5\" class=\"vc_row wpb_row vc_row-fluid vc_row-has-fill vc_column-gap-25 vc_rtl-columns-reverse vc_row-o-equal-height vc_row-o-content-top vc_row-flex vc_general vc_parallax vc_parallax-content-moving\"><div class=\"wpb_column vc_column_container vc_col-sm-4\"><div class=\"vc_column-inner\"><div class=\"wpb_wrapper\">\n\t<div  class=\"wpb_single_image wpb_content_element vc_align_center\">\n\t\t\n\t\t<figure class=\"wpb_wrapper vc_figure\">\n\t\t\t<div class=\"vc_single_image-wrapper   vc_box_border_grey\"><img loading=\"lazy\" decoding=\"async\" width=\"300\" height=\"300\" src=\"https:\/\/integrativa.pt\/wp-content\/uploads\/2026\/01\/David-Osteopata-1-300x300.avif\" class=\"vc_single_image-img attachment-medium\" alt=\"\" title=\"David Osteopath-1\" srcset=\"https:\/\/integrativa.pt\/wp-content\/uploads\/2026\/01\/David-Osteopata-1-300x300.avif 300w, https:\/\/integrativa.pt\/wp-content\/uploads\/2026\/01\/David-Osteopata-1-1024x1024.avif 1024w, https:\/\/integrativa.pt\/wp-content\/uploads\/2026\/01\/David-Osteopata-1-150x150.avif 150w, https:\/\/integrativa.pt\/wp-content\/uploads\/2026\/01\/David-Osteopata-1-768x768.avif 768w, https:\/\/integrativa.pt\/wp-content\/uploads\/2026\/01\/David-Osteopata-1-12x12.avif 12w, https:\/\/integrativa.pt\/wp-content\/uploads\/2026\/01\/David-Osteopata-1.avif 1512w\" sizes=\"auto, (max-width: 300px) 100vw, 300px\"  data-dt-location=\"https:\/\/integrativa.pt\/en\/psicologa-madalena-raposo\/david-osteopata-1\/\" \/><\/div>\n\t\t<\/figure>\n\t<\/div>\n<div class=\"vc_separator wpb_content_element vc_separator_align_center vc_sep_width_100 vc_sep_pos_align_center wpb_content_element vc_separator-has-text\" ><span class=\"vc_sep_holder vc_sep_holder_l\"><span style=\"border-color:#233d7f;\" class=\"vc_sep_line\"><\/span><\/span><h4>Madalena Raposo<\/h4><span class=\"vc_sep_holder vc_sep_holder_r\"><span style=\"border-color:#233d7f;\" class=\"vc_sep_line\"><\/span><\/span>\n<\/div>\n\t<div class=\"wpb_text_column wpb_content_element\" >\n\t\t<div class=\"wpb_wrapper\">\n\t\t\t<p style=\"text-align: center;\"><span style=\"color: #000000;\">Psychologist<\/span><\/p>\n\n\t\t<\/div>\n\t<\/div>\n<\/div><\/div><\/div><div class=\"wpb_column vc_column_container vc_col-sm-8\"><div class=\"vc_column-inner\"><div class=\"wpb_wrapper\">\n\t<div class=\"wpb_text_column wpb_content_element\" >\n\t\t<div class=\"wpb_wrapper\">\n\t\t\t<p>Madalena Raposo is a psychologist in Lisbon, with a degree in Psychology and a Master's in Neuropsychology from the Catholic University, dedicated to helping her clients face challenges, adapt to changes, and achieve their emotional well-being.<\/p>\n<p class=\"font-claude-response-body break-words whitespace-normal leading-&#091;1.7&#093;\">Your professional journey began in Neuropsychology, where you focused on the assessment and rehabilitation of acquired brain injuries, head trauma, strokes, consequences of aneurysms and tumours, and the prevention of neurodegenerative diseases. While supporting your clients, you realised there was a lack of tools to aid emotional adaptation to illness and the limitations it brings. This led you to complete a postgraduate degree in Clinical Psychology at INSPSIC, and to fall in love with the impact that psychological support can have on people's lives.<\/p>\n<p class=\"font-claude-response-body break-words whitespace-normal leading-&#091;1.7&#093;\">With this new perspective, he deepened his knowledge at the School of Cognitive-Behavioural Psychotherapy (APTCCI), specialising in Cognitive-Behavioural Therapy, a practical and results-oriented approach that helps clients effectively deal with emotional and behavioural challenges.<\/p>\n<p class=\"font-claude-response-body break-words whitespace-normal leading-&#091;1.7&#093;\">Throughout this journey, an interest in vocational guidance also emerged. She realised the importance of helping young people and adults make informed decisions about their academic and professional paths, identifying skills and interests, and charting a course aligned with their goals and values.<\/p>\n<p>At Integrativa, in Restelo (Lisbon), Madalena Raposo supports each person individually, in a safe and welcoming space, geared towards personal and emotional growth.<\/p>\n\n\t\t<\/div>\n\t<\/div>\n<\/div><\/div><\/div><div class=\"wpb_column vc_column_container vc_col-sm-4\"><div class=\"vc_column-inner\"><div class=\"wpb_wrapper\"><\/div><\/div><\/div><div class=\"wpb_column vc_column_container vc_col-sm-8\"><div class=\"vc_column-inner\"><div class=\"wpb_wrapper\"><div class=\"vc_separator wpb_content_element vc_separator_align_left vc_sep_width_100 vc_sep_pos_align_center vc_custom_1679428149027 wpb_content_element vc_separator-has-text\" ><span class=\"vc_sep_holder vc_sep_holder_l\"><span style=\"border-color:#1b9193;\" class=\"vc_sep_line\"><\/span><\/span><div class=\"vc_icon_element vc_icon_element-outer vc_do_icon vc_icon_element-align-left\"><div class=\"vc_icon_element-inner vc_icon_element-color-custom vc_icon_element-size-md vc_icon_element-style- vc_icon_element-background-color-grey\" ><span class=\"vc_icon_element-icon fas fa-feather\" style=\"color:#1b9193 !important\"><\/span><\/div><\/div><h4>Curriculum<\/h4><span class=\"vc_sep_holder vc_sep_holder_r\"><span style=\"border-color:#1b9193;\" class=\"vc_sep_line\"><\/span><\/span>\n<\/div><div  class=\"vc_do_toggle vc_toggle vc_toggle_default vc_toggle_color_default  vc_toggle_size_md\"><div class=\"vc_toggle_title\"><h4>Academic Training<\/h4><i class=\"vc_toggle_icon\"><\/i><\/div><div class=\"vc_toggle_content\"><ul>\n<li class=\"whitespace-normal break-words pl-2\">Degree in Psychology \u2014 Catholic University of Portugal<\/li>\n<li class=\"whitespace-normal break-words pl-2\">Master's in Neuropsychology \u2014 Catholic University of Portugal<\/li>\n<li class=\"whitespace-normal break-words pl-2\">Postgraduate in Clinical Psychology \u2014 INSPSIC, Portuguese Institute of Psychology<\/li>\n<\/ul>\n<\/div><\/div><\/div><\/div><\/div><\/div><!-- Row Backgrounds --><div class=\"vc_row wpb_row vc_row-fluid\"><div class=\"wpb_column vc_column_container vc_col-sm-12\"><div class=\"vc_column-inner\"><div class=\"wpb_wrapper\"><\/div><\/div><\/div><\/div>\n<\/div>","protected":false},"excerpt":{"rendered":"<p>Madalena Raposo Psic\u00f3loga C\u00e9dula Psic\u00f3loga: 30344 | Ordem dos Psic\u00f3logos Madalena Raposo Psic\u00f3loga Madalena Raposo \u00e9 Psic\u00f3loga em Lisboa, licenciada em Psicologia e mestre em Neuropsicologia pela Universidade Cat\u00f3lica, dedicada a ajudar os seus clientes a enfrentar desafios, a adaptar-se a mudan\u00e7as e a alcan\u00e7ar o seu bem-estar emocional. O seu percurso profissional come\u00e7ou na&hellip;<\/p>","protected":false},"author":1,"featured_media":0,"parent":0,"menu_order":1,"comment_status":"closed","ping_status":"closed","template":"","meta":{"inline_featured_image":false,"footnotes":""},"class_list":["post-3693","page","type-page","status-publish","hentry","description-off"],"_links":{"self":[{"href":"https:\/\/integrativa.pt\/en\/wp-json\/wp\/v2\/pages\/3693","targetHints":{"allow":["GET"]}}],"collection":[{"href":"https:\/\/integrativa.pt\/en\/wp-json\/wp\/v2\/pages"}],"about":[{"href":"https:\/\/integrativa.pt\/en\/wp-json\/wp\/v2\/types\/page"}],"author":[{"embeddable":true,"href":"https:\/\/integrativa.pt\/en\/wp-json\/wp\/v2\/users\/1"}],"replies":[{"embeddable":true,"href":"https:\/\/integrativa.pt\/en\/wp-json\/wp\/v2\/comments?post=3693"}],"version-history":[{"count":0,"href":"https:\/\/integrativa.pt\/en\/wp-json\/wp\/v2\/pages\/3693\/revisions"}],"wp:attachment":[{"href":"https:\/\/integrativa.pt\/en\/wp-json\/wp\/v2\/media?parent=3693"}],"curies":[{"name":"wp","href":"https:\/\/api.w.org\/{rel}","templated":true}]}}

<p>Madalena Raposo Psicóloga Cédula Psicóloga: 30344 | Ordem dos Psicólogos Madalena Raposo Psicóloga Madalena Raposo é Psicóloga em Lisboa, licenciada em Psicologia e mestre em Neuropsicologia pela Universidade Católica, dedicada a ajudar os seus clientes a enfrentar desafios, a adaptar-se a mudanças e a alcançar o seu bem-estar emocional. O seu percurso profissional começou na&hellip;</p>
